) = 68*f + 359. Give h(-6).
-49
Let n(o) = 4*o**2 + 85. What is n(0)?
85
Let l(n) = 24*n + 175. Calculate l(-7).
7
Let q(u) = 10*u**2 - 298*u - 97. Determine q(30).
-37
Let j(o) = -3*o**3 - 20*o**2 - 3*o + 13. Give j(-9).
607
Let q(a) = 50*a**2 + 338*a + 234. Determine q(-6).
6
Let o(f) = -4417*f + 30916. Determine o(7).
-3
Let b(d) = -15782*d - 15771. Calculate b(-1).
11
Let l(w) = -w**3 + 323*w**2 - 90*w + 29059. Give l(323).
-11
Let t(i) = -5*i**2 - 22*i + 35. Give t(4).
-133
Let i(s) = 39*s**2 + 30*s - 2. What is i(3)?
439
Let p(q) = 31*q + 965. Determine p(-27).
128
Let q(n) = -n**3 + 52*n**2 - 102*n + 16. What is q(50)?
-84
Let t(l) = 14*l**3 - 33*l**2 - 21*l - 21. Give t(3).
-3
Let w(y) = 203*y**2 + 1207*y - 33. What is w(-6)?
33
Let i(x) = 337*x**2 + 7*x - 14. What is i(1)?
330
Let u(j) = 3*j**3 - 6*j**2 - 36*j - 98. Determine u(-4).
-242
Let m(b) = -5*b + 195. Give m(0).
195
Let n(b) = b**2 + 116*b + 656. Calculate n(-6).
-4
Let p(x) = 178*x + 25257. Determine p(-142).
-19
Let f(s) = -s**2 - 2*s + 225. What is f(-22)?
-215
Let v(r) = r**2 - 42*r - 9762. What is v(122)?
-2
Let g(j) = -332*j + 61083. Determine g(184).
-5
Let l(b) = -b**2 + 4945*b + 59479. Determine l(-12).
-5
Let l(a) = -5*a**2 - 273*a - 166. Determine l(-54).
-4
Let g(r) = -655*r + 62886. Determine g(96).
6
Let c(g) = g**2 + 86*g + 1565. Give c(-26).
5
Let y(l) = -13*l**3 - 6*l**2 - 19*l + 4. Give y(-2).
122
Let f(x) = 79*x - 502. Calculate f(6).
-28
Let m(n) = 12*n**3 - 56*n**2 - 16*n - 3. Calculate m(5).
17
Let z(y) = -2*y**3 - 61*y**2 - 47*y - 62. Determine z(-30).
448
Let v(s) = 2*s**3 + s**2 - 12*s. Calculate v(0).
0
Let m(x) = x**3 + 32*x**2 + 5*x + 91. Calculate m(-32).
-69
Let h(w) = 1258*w + 140882. What is h(-112)?
-14
Let m(p) = -2*p**2 - 140*p - 2192. Calculate m(-17).
-390
Let t(p) = -6*p**3 + 19*p**2 - 23*p - 10. Determine t(4).
-182
Let m(d) = -3*d + 147. Calculate m(29).
60
Let o(i) = -4*i**2 + 5*i - 102. What is o(0)?
-102
Let n(j) = -3*j**2 - 204*j - 2935. Determine n(-47).
26
Let i(j) = -j**2 - 42*j - 117. Calculate i(-39).
0
Let x(q) = 362*q + 719. What is x(-2)?
-5
Let b(n) = 41*n + 1081. Calculate b(-31).
-190
Let b(x) = -15*x - 431. What is b(-34)?
79
Let t(s) = 5*s**2 - 228*s - 92. What is t(46)?
0
Let y(t) = 28*t - 1130. Determine y(43).
74
Let n(k) = 4*k**2 + 29*k + 29. Give n(-7).
22
Let y(s) = s**3 + 10*s**2 + 11*s + 27. Calculate y(-5).
97
Let z(c) = 3*c**3 - 5*c**2 - 7*c + 12. What is z(2)?
2
Let d(y) = y**3 + 2*y**2 - 17*y - 2. Calculate d(0).
-2
Let c(o) = 16*o + 507. Give c(-32).
-5
Let z(x) = -x**3 + 18*x**2 + 5*x - 39. Calculate z(19).
-305
Let z(o) = -114*o + 1020. Determine z(8).
108
Let p(t) = -25*t**2 - 202*t + 8. Calculate p(-8).
24
Let w(x) = x**3 - 46*x**2 + 213*x - 324. Give w(41).
4
Let p(k) = -1359*k + 19016. Give p(14).
-10
Let d(q) = -q**3 - 27*q**2 + 36*q + 34. What is d(-28)?
-190
Let n(w) = 431*w + 5602. What is n(-13)?
-1
Let o(m) = -m**2 + 50*m - 364. Determine o(8).
-28
Let r(p) = p**3 + 17*p**2 - 49*p + 95. Give r(-20).
-125
Let l(i) = i**3 - 21*i**2 - 19*i - 60. Determine l(22).
6
Let l(v) = -v**3 + 29*v**2 - 209*v + 28. What is l(16)?
12
Let g(f) = f**2 - 22*f - 355. Determine g(33).
8
Let d(s) = 24*s + 338. Calculate d(-20).
-142
Let i(s) = -2*s**2 + 139*s + 2636. What is i(85)?
1
Let x(h) = 2*h**2 - 74*h - 266. Give x(41).
62
Let f(c) = -c**3 - 19*c**2 - 51*c + 181. Calculate f(-15).
46
Let r(x) = 516*x - 908. What is r(3)?
640
Let b(m) = m**2 - 24*m - 265. What is b(-8)?
-9
Let r(l) = 3*l**3 + 11*l**2 + 7*l - 4. Determine r(-6).
-298
Let b(s) = -242*s - 27135. Calculate b(-112).
-31
Let z(u) = -41*u + 121. What is z(2)?
39
Let m(r) = 2*r**3 + 67*r**2 + 80*r - 637. Calculate m(-32).
-125
Let b(x) = -105*x - 1567. Give b(-15).
8
Let c(u) = 49*u - 472. Determine c(11).
67
Let k(x) = -x**3 + 2*x**2 - 8*x - 20. Determine k(-4).
108
Let z(x) = -3*x**2 + 78*x + 64. Determine z(23).
271
Let k(d) = -d**3 + 33*d**2 + 25*d + 1581. Calculate k(35).
6
Let r(j) = j**3 + 19*j**2 + 26*j - 7. Determine r(-6).
305
Let x(h) = -3*h**2 + 17*h - 26. Calculate x(12).
-254
Let w(a) = -a**3 - 2*a**2 - 14*a + 13. What is w(4)?
-139
Let l(v) = 249*v**2 + 5*v + 4. What is l(-1)?
248
Let y(j) = 214*j**2 - 9*j + 7. Give y(1).
212
Let y(d) = -72*d - 1299. What is y(-18)?
-3
Let i(r) = 3*r**2 + 29*r - 1739. Give i(22).
351
Let j(u) = -192*u + 2123. Calculate j(11).
11
Let f(x) = 26*x + 66. What is f(11)?
352
Let i(v) = v**2 + 33*v - 36. Give i(10).
394
Let u(i) = 2*i**3 + 33*i**2 - 17*i - 21. Determine u(-17).
-21
Let r(p) = p**3 - 54*p**2 - 102*p - 571. What is r(56)?
-11
Let d(f) = -f**3 + 7*f**2 - 34*f + 118. Calculate d(5).
-2
Let f(r) = 3931*r + 23580. Calculate f(-6).
-6
Let s(p) = -p**3 + 14*p**2 + 7*p + 7. Calculate s(14).
105
Let h(t) = t**3 + 17*t**2 - 10*t - 11. Give h(-17).
159
Let d(a) = -a**3 - 6*a**2 + 8*a - 24. Calculate d(-9).
147
Let z(q) = q**3 + 42*q**2 - 2*q - 16. What is z(-42)?
68
Let r(d) = -1825*d - 3653. Determine r(-2).
-3
Let h(g) = -16*g**2 - 84*g - 26. Determine h(-5).
-6
Let a(l) = -5*l**3 - 9*l**2 - 2*l + 1. Determine a(-3).
61
Let l(f) = -f**3 - 25*f**2 + 57*f + 67. Determine l(-27).
-14
Let c(j) = j**2 + 2*j + 12. Give c(-7).
47
Let y(d) = d**2 + 811*d - 3260. Determine y(4).
0
Let v(t) = -6*t**2 + 55*t - 266. What is v(4)?
-142
Let a(o) = o**3 + 25*o**2 + 173*o + 233. Determine a(-14).
-33
Let z(f) = -f**2 + f + 276. Give z(-14).
66
Let q(b) = -b**3 + 2*b**2 + 11*b - 76. Calculate q(6).
-154
Let r(x) = 10*x**2 - 5*x + 3. Calculate r(3).
78
Let z(l) = 679*l - 15098. Determine z(22).
-160
Let f(g) = -g**2 - 148*g - 4208. Determine f(-38).
-28
Let c(r) = -r**2 + 265*r + 268. Give c(266).
2
Let v(c) = 50*c + 2839. Determine v(-54).
139
Let x(u) = -33*u - 1524. What is x(-46)?
-6
Let d(n) = -2*n**2 + 76*n + 157. Determine d(-2).
-3
Let r(x) = 482*x**3 - 8*x**2 + 9*x - 1. Give r(1).
482
Let m(v) = v**3 - 53*v**2 + 172*v - 1103. Give m(50).
-3
Let a(d) = -d**3 + 3*d**2 + 12*d + 19. Give a(6).
-17
Let k(q) = -713*q + 9998. Determine k(14).
16
Let h(m) = -39*m**2 - 9*m - 31. Calculate h(-3).
-355
Let o(n) = -n**2 + 50*n + 297. What is o(53)?
138
Let n(o) = -6*o**2 + 37*o + 12. Give n(6).
18
Let o(r) = -2*r**3 + 44*r**2 + 44*r + 45. What is o(23)?
-1
Let b(v) = -7*v + 341. Determine b(51).
-16
Let j(q) = -30*q - 3038. Give j(-102).
22
Let m(s) = s**3 + 64*s**2 - 30*s - 1741. Give m(-64).
179
Let h(s) = -s**3 - 85*s**2 - 90*s - 280. Determine h(-84).
224
Let n(m) = 72*m**2 - 242*m + 16. Determine n(3).
-62
Let c(n) = 139*n - 2056. Give c(15).
29
Let w(j) = -4*j**3 - 173*j**2 - 43*j + 42. Determine w(-43).
42
Let g(c) = 119*c - 1189. Determine g(10).
1
Let n(a) = a**3 + 60*a**2 + 454*a - 165. Give n(-51).
90
Let f(u) = -u**3 - 48*u**2 + 301*u + 112. What is f(6)?
-26
Let d(a) = a**2 - 177*a + 1021. Give d(6).
-5
Let p(c) = -18*c**2 - 25*c - 7. Give p(-4).
-195
Let p(l) = 170*l - 5438. What is p(32)?
2
Let b(p) = p**2 - 20*p - 40. What is b(23)?
29
Let y(j) = 580*j - 1160. Calculate y(2).
0
Let l(x) = -636*x - 4. Determine l(0).
-4
Let p(i) = -i**2 + 5*i + 47. What is p(17)?
-157
Let l(i) = 65*i**3 + 6*i + 5. What is l(-1)?
-66
Let i(v) = v**3 + 32*v**2 - 36*v - 97. What is i(-33)?
2
Let b(n) = 2*n**3 + 5*n**2 - 7*n + 10. Calculate b(3).
88
Let u(y) = 5*y**3 + 134*y**2 - 34*y - 175. Determine u(-27).
14
Let f(c) = 1235*c - 1298. Determine f(1).
-63
Let i(r) = -r**2 - 33*r - 145. Calculate i(-9).
71
Let c(j) = j**2 + 78*j - 597. Calculate c(7).
-2
Let h(d) = -d**3 - 4*d**2 + 12*d + 51. Calculate h(-4).
3
Let v(l) = 2*l**2 - 146*l + 420. What is v(70)?
0
Let l(u) = 353*u**2 + 9539*u + 210. Calculate l(-27).
-6
Let v(f) = 27*f**3 + f**2 + 3*f + 4. Determine v(-2).
-214
Let a(n) = -n**3 - 8*n**2 + 41*n + 20. Give a(-11).
-68
Let i(w) = -29*w**2 - 345*w - 67. Calculate i(-12).
-103
Let q(g) = 38*g + 1716. Determine q(-46).
-32
Let m(v) = -2*v**3 + 17*v**2 - 20*v + 46. Give m(6).
106
Let j(z) = -430*z + 1361. What is j(4)?
-359
Let b(r) = -r**2 + 15*r - 53. Calculate b(14).
-39
Let s(i) = -2*i**3 + 72*i**2 - 90*i + 725. Calculate s(35).
25
Let c(d) = -43*d + 2575. Calculate c(60).
-5
Let p(y) = y - 91. What is p(6)?
-85
Let p(o) = o**2 - 68*o + 166. Determine p(66).
34
Let f(b) = -27*b**2 + 1238*b + 192. Determine f(46).
